site?
True
Is 3623252239 a prime number?
True
Is 1264792943 a composite number?
False
Is 200522321 composite?
True
Is 2027474521 prime?
True
Is 14742054895 a prime number?
False
Is 6695474245 composite?
True
Is 865026443 prime?
True
Is 1507548577 composite?
False
Is 84155318697 composite?
True
Is 4232928809 a composite number?
True
Is 555194561 a prime number?
True
Is 9093731851 a prime number?
False
Is 8060519 a prime number?
True
Is 27211296239 a composite number?
False
Is 140301511969 a prime number?
True
Is 91537917743 a prime number?
False
Is 26033201 a composite number?
True
Is 8652875027 a prime number?
True
Is 176966047754 composite?
True
Is 46943849443 prime?
False
Is 277984373819 composite?
False
Is 40874529691 a composite number?
True
Is 3865432413 a prime number?
False
Is 21333844489 a prime number?
False
Is 5124463753 a prime number?
True
Is 1779342659 prime?
False
Is 4777344139 a prime number?
True
Is 12221406473 a prime number?
True
Is 4008924889 composite?
True
Is 24502295357 composite?
False
Is 134150557 prime?
True
Is 19287745039 a composite number?
False
Is 25467951853 prime?
True
Is 1501714519 a prime number?
True
Is 312429137 composite?
True
Is 580157551 composite?
False
Is 2398530631 a composite number?
True
Is 32219865967 a prime number?
True
Is 250466917 a prime number?
False
Is 36208652791 composite?
True
Is 7607721269 composite?
True
Is 151323530467 a composite number?
False
Is 483411659 composite?
False
Is 25954237 a composite number?
False
Is 636382093 composite?
True
Is 4997966189 prime?
False
Is 169385292119 a prime number?
True
Is 32545323869 prime?
True
Is 41004717427 prime?
False
Is 8863545751 composite?
True
Is 1085883549 prime?
False
Is 28039523 prime?
True
Is 363096299 prime?
True
Is 1636524965 a prime number?
False
Is 498511463 composite?
True
Is 3774463103 a composite number?
False
Is 3193677109 prime?
False
Is 2046124553 prime?
False
Is 4200642169 prime?
False
Is 18646655294 prime?
False
Is 1575777961 a prime number?
True
Is 95680268781 prime?
False
Is 1969650633 a prime number?
False
Is 42898569691 composite?
False
Is 1828480493 prime?
False
Is 9906284687 prime?
False
Is 88201243043 a prime number?
True
Is 132519403547 composite?
False
Is 206369247569 composite?
True
Is 3796370171 a prime number?
False
Is 5697383597 a composite number?
True
Is 29480205578 a composite number?
True
Is 45051301 a composite number?
False
Is 4099792874 prime?
False
Is 165668981 a composite number?
True
Is 66865838621 composite?
False
Is 1965545993 prime?
True
Is 30447123067 prime?
True
Is 23392256539 a composite number?
False
Is 640779199 prime?
False
Is 165088719022 composite?
True
Is 2135882599 a prime number?
True
Is 8049678893 a composite number?
True
Is 1592296087 prime?
False
Is 4602627893 prime?
True
Is 25134095599 prime?
True
Is 11058727 a composite number?
False
Is 4371331189 composite?
False
Is 14716313653 a prime number?
False
Is 32080149547 composite?
False
Is 77845627 a composite number?
False
Is 41861460757 prime?
True
Is 174563711 composite?
True
Is 34201785011 a prime number?
True
Is 1318238641 prime?
True
Is 1723208969 a prime number?
True
Is 236730826639 prime?
False
Is 8854164941 a composite number?
False
Is 2293459349 a prime number?
False
Is 26837654803 composite?
True
Is 57208478573 composite?
False
Is 58093249 prime?
False
Is 7764170081 composite?
False
Is 502027927 a prime number?
True
Is 353421707 prime?
False
Is 3306296029 a prime number?
False
Is 277677203 a prime number?
True
Is 477545363 a composite number?
False
Is 10905190297 prime?
True
Is 420723637 a prime number?
True
Is 892711951 a prime number?
False
Is 1122151171 composite?
False
Is 3066464173 a prime number?
True
Is 109925951 composite?
False
Is 5352689119 a prime number?
True
Is 69871337 a prime number?
True
Is 9238429597 composite?
False
Is 22548405001 prime?
False
Is 8284017286 prime?
False
Is 384730079 a prime number?
False
Is 18639059867 composite?
False
Is 3346653767 prime?
True
Is 23018169617 composite?
True
Is 348297421 composite?
True
Is 396355919 prime?
True
Is 57262599913 a composite number?
False
Is 44038118023 prime?
True
Is 8331659843 composite?
True
Is 1858921091 composite?
False
Is 7642801223 prime?
False
Is 27842648107 prime?
False
Is 40411427149 composite?
False
Is 4009043011 a prime number?
False
Is 361896204911 composite?
True
Is 253372736257 a prime number?
False
Is 20901834293 composite?
False
Is 2459654147 composite?
False
Is 18042709577 composite?
False
Is 434614109 composite?
False
Is 131071386291 a composite number?
True
Is 15204661 a prime number?
True
Is 8870820739 a composite number?
True
Is 16220296361 a composite number?
False
Is 2316217147 a prime number?
True
Is 1972066246 a prime number?
False
Is 9204361381 prime?
True
Is 7805640041 prime?
True
Is 3110392759 a prime number?
True
Is 6240587009 prime?
False
Is 14191533491 a prime number?
True
Is 24760303619 prime?
False
Is 22005639131 a prime number?
False
Is 6684129157 a composite number?
False
Is 5871077893 prime?
True
Is 79726920829 prime?
False
Is 5133755351 prime?
True
Is 359850457 prime?
True
Is 1715109973 composite?
False
Is 1570225483 a composite number?
False
Is 203787949 composite?
False
Is 201702989647 prime?
False
Is 154466171 a composite number?
True
Is 4863558299 prime?
True
Is 572022959 prime?
True
Is 27793697 a composite number?
True
Is 523610783 composite?
False
Is 547222127 prime?
False
Is 40968860698 a prime number?
False
Is 183237601 composite?
False
Is 13910583317 a composite number?
True
Is 204738517 prime?
False
Is 13739047291 composite?
True
Is 1041187549 prime?
False
Is 123628274251 a prime number?
True
Is 2986223729 composite?
False
Is 14340851747 prime?
False
Is 4586863741 composite?
False
Is 4447659647 prime?
True
Is 6783702161 composite?
False
Is 3489825039 prime?
False
Is 29712635959 a composite number?
True
Is 644373787 a composite number?
True
Is 14176705009 a composite number?
True
Is 17310834917 prime?
False
Is 40979742809 composite?
True
Is 540200861 composite?
False
Is 106958311 a composite number?
True
Is 20844874571 a prime number?
False
Is 23035311529 a composite number?
False
Is 1821274369 composite?
False
Is 99701506763 composite?
False
Is 17364896095 a composite number?
True
Is 6233207763 composite?
True
Is 5336240141 a composite number?
False
Is 198067781305 a composite number?
True
Is 243209639 prime?
True
Is 241773073 a prime number?
False
Is 14193277981 composite?
False
Is 130293802921 a prime number?
False
Is 1533238753 a prime number?
True
Is 615171857 a composite number?
False
Is 1114932719 a prime number?
True
Is 1081404661 composite?
True
Is 41718401 composite?
False
Is 3073936193 prime?
True
Is 311604317 a composite number?
False
Is 9488430129 a composite number?
True
Is 174076451951 prime?
True
Is 267642149 a prime number?
False
Is 7248220669 a composite number?
False
Is 1496736887 a composite number?
False
Is 1335452141 composite?
False
Is 72455729513 a composite number?
True
Is 36723524993 prime?
False
Is 3450334793 a composite number?
False
Is 5981905997 a composite number?
False
Is 21428465237 composite?
True
Is 469234487 prime?
True
Is 276330029 composite?
True
Is 1107491431 a prime number?
False
Is 403305139247 prime?
True
Is 13609879039 prime?
True
Is 57621241 a prime number?
False
Is 11500810273 composite?
True
Is 6609652663 a prime number?
False
Is 16390369207 prime?
False
Is 2239393777 composite?
True
Is 2800579403 a composite number?
True
Is 2499647863 a prime number?
False
Is 393962341 a composite number?
False
Is 561871501 composite?
False
Is 3487825906 a prime number?
False
Is 16806964222 prime?
False
Is 1920866989 a composite number?
False
Is 25418358587 prime?
True
Is 1319802961 prime?
True
Is 7275610526 a prime number?
False
Is 7884241009 prime?
True
Is 54369878189 prime?
False
Is 9153405223 prime?
True
Is 2553490097 a composite number?
False
Is 13524062551 a composite number?
True
Is 57809671 a composite number?
True
Is 1960588117 a prime number?
True
Is 5213196739 a composite number?
False
Is 392398189 prime?
True
Is 397136566 a composite number?
True
Is 4159308929 prime?
True
Is 25927600453 a composite number?
True
Is 16386460229 a composite number?
False
Is 774577567 a prime numb